t common factor of 23 and i.
23
Let x be 6 - -9 - (-1 + 1). Calculate the highest common factor of x and 60.
15
Suppose 60*b - 63*b = -24. Calculate the highest common divisor of b and 72.
8
Let s = -40 - -85. Let x be 2/(-9) - (-235)/s. Suppose -4*o - b + 38 = 0, -x*o + 48 = -o - 4*b. What is the highest common factor of o and 30?
10
Let t(c) = 5*c**2 - 2*c + 1. Let p be t(2). Suppose 3 - p = -n. What is the highest common divisor of 42 and n?
14
Suppose -4*c = 3*o + 134 - 374, o = -2*c + 120. Calculate the greatest common divisor of 30 and c.
30
Suppose 3 = -r, 2*w - 4*r = -2*r + 14. Suppose 48 = -n + w*n. What is the highest common divisor of n and 24?
8
Let n = -84 - -134. What is the highest common divisor of 10 and n?
10
Suppose 7 + 1 = -h - 4*t, -4*h - t = -13. Let a(w) = 9*w - 1. Let u be a(1). Suppose 0 = 4*r - 8 - u. What is the highest common factor of h and r?
4
Let k(o) = o**2 - o - 2. Let x be k(-7). Let u(w) = -w**3 + 13*w**2 + 30*w + 6. Let r be u(15). What is the highest common factor of r and x?
6
Suppose z - 252 = -2*z. Let c = 1 - -11. Calculate the greatest common factor of z and c.
12
Suppose 5*z + 556 = 7*z. Let b be (-3)/(-5) - z/5. Let o = 119 + b. What is the greatest common factor of o and 16?
16
Suppose -v - 2*v = 5*x - 1886, 4*x + 3*v = 1510. Let o = x + -224. Calculate the greatest common factor of 19 and o.
19
Let i(u) = -u**3 - 3*u**2 - 2*u + 4. Let q be i(-3). Suppose 2*z - p = 5*z - q, 0 = -5*z + 5*p + 10. Calculate the highest common factor of 9 and z.
3
Let u = -5 - -7. Suppose 3 = u*k + 1. Let l(o) = 4*o**2 + 1. Let s be l(k). What is the greatest common divisor of s and 40?
5
Suppose -2*q + 268 = 3*b, -b + 2*q + 88 = 4*q. Calculate the greatest common factor of 9 and b.
9
Suppose -10*v + 289 + 41 = 0. Calculate the greatest common divisor of v and 22.
11
Let u = 118 + -108. Calculate the highest common factor of 6 and u.
2
Let l be ((-39)/(-52))/(1/28). Calculate the greatest common divisor of l and 7.
7
Let r be (-8)/(64/(-1242)) - (-6)/8. Calculate the greatest common divisor of 26 and r.
26
Let n = -13 - -18. Suppose h - 2*h = n. Let r = 15 + h. Calculate the highest common factor of 50 and r.
10
Suppose -16*m + 72 = -12*m. What is the highest common factor of 6 and m?
6
Suppose 4*k = -3*m - k + 665, -2*m + 435 = -5*k. Suppose -2*q = -0*q - m. Let b = 35 + -25. Calculate the greatest common divisor of q and b.
10
Let x be 6/((-9)/3) + 6. Let h = 16 - x. Calculate the greatest common factor of h and 108.
12
Let f = 73 + -64. Let a = -16 + 34. What is the greatest common divisor of f and a?
9
Suppose 0 = -c + 7 - 2. Let o(y) = -y**2 + 2 + 2*y**2 - 5 + c*y**2. Let l be o(3). What is the greatest common factor of 34 and l?
17
Let s(n) = -2*n - 4. Let u be s(7). Let h = 21 + u. What is the highest common factor of 27 and h?
3
Suppose -4*p + 1 = -3. Let s(d) = 0 - 2 + p - 7*d - d. Let c be s(-1). Calculate the greatest common divisor of 1 and c.
1
Let u = 2 + -6. Let t be ((-8)/14)/(u/14). Suppose -t*x - x = -66. Calculate the highest common factor of x and 110.
22
Let q(f) = f**2 + 3*f - 6. Let z be q(-6). Suppose 0 = -3*b + b + 24. What is the greatest common factor of z and b?
12
Let h = -21 + 45. What is the greatest common factor of h and 3?
3
Suppose 4*f + 94 = 446. Calculate the highest common divisor of f and 16.
8
Let g = 14 + 5. Let x = 46 - g. Suppose -z + 2 = 0, -d - z + 26 = 3*z. Calculate the greatest common factor of x and d.
9
Suppose -2*v - 15 = -79. Let g = 299 + -219. Calculate the highest common divisor of g and v.
16
Suppose 0 = -3*j - 4 + 124. Let o = 35 + 6. Suppose -3*x = -o + 11. Calculate the highest common divisor of x and j.
10
Let x(z) = z**2 - 3*z + 4. Let s be x(-8). Let d = -44 + s. Suppose 4*i - 244 + d = 0. Calculate the highest common factor of 7 and i.
7
Let s be 4/14 + 666/21. Suppose -w + 3*h + 20 = 0, 2*h = -3*w + 22 - 6. What is the highest common factor of w and s?
8
Let o(d) = 2*d - 10. Let q be o(9). Let g = -24 + 64. What is the highest common factor of g and q?
8
Let a = 140 - 131. What is the highest common divisor of a and 6?
3
Suppose -2*t - t + 2*q + 98 = 0, -3*t + 3*q + 102 = 0. What is the greatest common divisor of t and 10?
10
Let l(s) be the second derivative of -s**5/20 + 7*s**4/12 + s**3/3 - 7*s**2/2 - 5*s. Let g be l(7). Calculate the highest common factor of g and 56.
7
Suppose -24 = -0*g - 2*g. Calculate the highest common divisor of 12 and g.
12
Let u = 342 + 26. What is the highest common factor of 46 and u?
46
Let c = 147 - 79. What is the highest common factor of c and 17?
17
Let p(h) = -h + 7. Let d be p(5). Suppose -b + 4*l - 32 = -d*b, 0 = -b + 2*l + 26. What is the highest common divisor of b and 70?
14
Let k(x) = x + 11. Let b be k(2). Calculate the greatest common factor of 39 and b.
13
Let g(i) = -i**3 - 2*i**2 - 5*i + 1. Let t be g(-3). Let v(k) = k**3 - 4*k**2 + 6*k - 5. Let c be v(5). What is the highest common divisor of c and t?
25
Let h = 5 + -1. Let y = -43 - -75. Calculate the greatest common divisor of h and y.
4
Suppose 4*l = 109 + 55. What is the highest common factor of 369 and l?
41
Suppose -2*o - 1 + 7 = 0. What is the highest common divisor of o and 3?
3
Let t = -8 + 13. Suppose 0*b + 25 = b + 3*y, -2*y = 2*b - 30. Suppose q - 15 - 14 = t*i, 2*i = -2*q + b. Calculate the greatest common divisor of q and 63.
9
Let b = -29 + 43. Let j be (27/18)/(6/4). Let k be j*1/(-1) + 29. Calculate the greatest common factor of k and b.
14
Let o(w) = -w**3 - 11*w**2 + 11*w + 2. Let p be o(-12). Let r = -8 + p. Suppose -f = -3*f + r. What is the highest common divisor of f and 9?
3
Let k(i) = i**2 + 12*i - 27. Let n be k(-15). Let p = 0 - -4. Suppose 2*u - 123 = 3*x, 4*x - 88 = 2*u - p*u. Calculate the highest common divisor of n and u.
18
Suppose -10*s - 8*s = -162. Calculate the greatest common divisor of s and 99.
9
Let p be (-949)/(-7) - 24/(-56). Let d(a) = -2 + 2 + 1 - 8*a. Let k be d(-2). What is the greatest common factor of p and k?
17
Suppose -4 = 3*q - 4*q. Calculate the greatest common factor of q and 28.
4
Let a(r) = r**3 + r**2 + 3. Let q be a(0). Let k = 15 - q. Calculate the highest common divisor of 36 and k.
12
Suppose 0 = -5*l + 3*l + 22. Let h be (2 - 0)*132/(6/2). Calculate the highest common factor of l and h.
11
Suppose -3*z + 15 = 5*f - 0*z, -4*z + 20 = 0. Suppose f = -8*x + 5*x + 84. Calculate the highest common divisor of x and 4.
4
Let y be (-2)/(-16)*14*44. What is the greatest common divisor of 11 and y?
11
Let k(j) be the first derivative of 15*j**4/2 + j**3/3 - j - 2. Let q be k(-1). Let z be 5/q - (-650)/12. Calculate the highest common factor of z and 6.
6
Let n(r) = 8*r**2 + 5*r - 6. Let c be n(2). What is the highest common factor of 54 and c?
18
Let a be 2/5 - (-454)/(-10). Let u = a - -245. Calculate the greatest common divisor of u and 25.
25
Let r be (-4 - 741/(-9)) + 2/(-6). What is the highest common divisor of r and 13?
13
Let y(k) = k**2 - 10*k - 7. Let i be y(-7). Let l be (24/(-10))/((-2)/15). Let s = l - 4. Calculate the highest common divisor of i and s.
14
Let o be (2/(-6) - 3)*-3. Suppose 3*f - 4*f = -5. What is the greatest common divisor of f and o?
5
Let t(s) = -2*s**2 - 17*s. Let b be t(-8). What is the greatest common divisor of 48 and b?
8
Let s be (-14)/(-91) + (-700)/(-13). Suppose 4*l - 10 + s = 0. Let g = 25 - l. Calculate the highest common factor of g and 9.
9
Suppose 0*v + 2*v = 0. Let q(o) = -2*o + 1. Let h be q(v). What is the greatest common factor of 1 and h?
1
Let x be 36*(2/4 - 0). Calculate the greatest common factor of 144 and x.
18
Let x = 7 - 5. Suppose 0*p + 22 = x*p. Suppose 3*q = -2*q + 275. Calculate the highest common factor of p and q.
11
Let i = 107 - -201. Let o = 42 + -14. Calculate the greatest common factor of i and o.
28
Suppose n - 2*n + 70 = 0. Suppose 50 = 2*p + 3*p. What is the highest common divisor of n and p?
10
Let f = 25 - 15. Let x(c) = c**2 - 9*c + 3. Let t be x(f). Let a be (-2)/(-1) + 200/4. Calculate the greatest common factor of t and a.
13
Suppose 2*a = -m + 4*m - 1812, -3*a - 2*m = 2718. Let g be a/(-24) + (-2)/(-8). What is the greatest common divisor of g and 19?
19
Let y be 1*6/3 - -12. Let k be (-2)/(-7) - (-94)/y. Let v be 1 + (7*1 